- c + 649 = 0. Suppose o = 8*s - 3*s - q, -q + 193 = 3*s. What are the prime factors of s?
5, 13
Let r(u) = 9*u**2 + 4*u + 30. What are the prime factors of r(8)?
2, 11, 29
Let f(c) = -c**3 - 2*c**2 + 4*c + 4. Let g be f(-3). Let x be g*(0 + 1 + 1). Let d = x + 12. What are the prime factors of d?
2, 7
Suppose -4*p + 3*p = 0. Suppose n + 2*q + 5 = 0, p = 5*n - q - 0*q - 19. Suppose -n*z + 3*a + 59 + 73 = 0, 4*a = -3*z + 104. What are the prime factors of z?
2, 5
List the prime factors of (-32)/(-8)*(-3 + (-3420)/(-16)).
3, 281
Suppose -q + 690 + 1382 = -a, 0 = -3*q - 5*a + 6208. What are the prime factors of q?
19, 109
Let j = 1667 + -1153. What are the prime factors of j?
2, 257
Let a be 68/(-238) - 110*(-2)/(-14). Let n = a - -50. List the prime factors of n.
2, 17
Suppose 0 = 3*c + 9 - 21. Suppose -16 = -2*r - c. Suppose r = 3*j - 9. List the prime factors of j.
5
Let d be 140/6*(-3)/(-2). Suppose 0 = 3*x + s - 120, x = -0*x - 2*s + d. List the prime factors of x.
41
Let t(a) = a**3 - 7*a**2 + 7*a + 9. Let y be t(5). List the prime factors of (-487)/y - (174/(-36) + 5).
3
Suppose 6 = 4*w - w. Suppose o + 3*v = 3*o - 8, v + 8 = w*o. Suppose -2*p = z - 7, o*p + 4*z - z - 17 = 0. List the prime factors of p.
2
Let m be -8 + (-3 - -2 - -2). Let n(r) = 7*r**2 - 2*r - 10. Let i(l) = 8*l**2 - 3*l - 10. Let k(g) = -5*i(g) + 6*n(g). What are the prime factors of k(m)?
67
Let l(n) = 6*n**2 - 2*n - 2. Suppose 0 = -7*c + 9 + 5. What are the prime factors of l(c)?
2, 3
Let n be (-15)/10*104/12. Let o(q) = -12*q - 59. List the prime factors of o(n).
97
Let z(w) = 156*w**2 - 20*w + 36. What are the prime factors of z(5)?
2, 7, 137
Suppose -a - 5*w - 1 = 0, -3*a + 4*a = 4*w - 10. Let b be (a/(-5))/((-6)/(-165)). Let l = b + -18. List the prime factors of l.
3, 5
Suppose 4738 = 126*t - 124*t. List the prime factors of t.
23, 103
Let k = 17 - 27. What are the prime factors of 1/(-5) - 432/k?
43
Let v be (-9 + (-12)/(-4))/1. Let w(f) = -f**3 - 5*f**2 - 7*f - 7. List the prime factors of w(v).
71
Let t(i) = -63*i**3 - 5*i**2 - 5*i - 5. List the prime factors of t(-2).
3, 163
Let z = 980 - -597. List the prime factors of z.
19, 83
Let d = 367 - -292. List the prime factors of d.
659
Let u(b) = -53*b - 67. List the prime factors of u(-15).
2, 7, 13
Suppose -35*j = -19*j - 5376. What are the prime factors of j?
2, 3, 7
Let d be 40/(-10) + (-2)/(-4)*0. What are the prime factors of 67 + -5 + 3 - d?
3, 23
Let z be (-1 + -1)*1 + -8. Let k be (8/z)/((-32)/80). Suppose -5 = -k*c + 13. List the prime factors of c.
3
What are the prime factors of 94/3*((-262)/(-4) - 4)?
41, 47
Suppose -3*d + 15 = -0*d. Suppose -d*b + 19 = 9. Suppose -4*v = 2*l - b, 3*l + 0*v - v = 17. What are the prime factors of l?
5
Let l = 1637 - 1495. List the prime factors of l.
2, 71
Suppose -27632 = -14*g - 8*g. List the prime factors of g.
2, 157
Suppose -1662 = 4*v + 2*q, -2*q + 6*q = -3*v - 1244. Let p = -286 - v. List the prime factors of p.
2, 5, 13
Let o(x) = x**2 + 15*x + 24. Let z be o(-13). List the prime factors of 12*2/(4 - z).
2
Let s = -23 - -33. Suppose 10 + s = 4*m. Suppose m*o + 0*o = 3*w - 57, -5*w - 4*o = -132. List the prime factors of w.
2, 3
Let j(n) = 138*n + 165. What are the prime factors of j(22)?
3, 11, 97
Let x = 3 - -3. Let w be -1 - 2/x*0. What are the prime factors of 4/(-4 - -3)*w?
2
Let c(p) = p**3 - 3*p**2 + 6*p + 3. Let g be c(3). What are the prime factors of ((-432)/10)/(g/(-70))?
2, 3
Let u(m) = 2*m**3 - 22*m**2 - 16*m + 26. List the prime factors of u(13).
2, 13, 19
Let o = -606 + 1059. List the prime factors of o.
3, 151
Let l(o) = 2*o**3 - 7*o**2 + o - 3. Let w be l(4). Let n = 6 + w. What are the prime factors of n?
23
Suppose 4*k - 30678 = -5*x, 0 = -27*x + 23*x - 3*k + 24542. What are the prime factors of x?
2, 3067
Suppose 4*g + 2*g = -300. Let a = 293 + g. What are the prime factors of a?
3
Let p be (5 + 5)*(2 + -4). Let r = p - -50. List the prime factors of r.
2, 3, 5
What are the prime factors of 33 + 2420 + 1 + -3?
3, 19, 43
Suppose 3*c - 6 = 3*g, 4*g = 4*c + c - 10. Suppose -c*q + 34 = 12. Suppose 104 = 15*w - q*w. List the prime factors of w.
2, 13
Let f(l) be the first derivative of -l**4/2 + 5*l**3/3 - 3*l**2 - l + 11. Let o be f(3). Let n = o - -39. What are the prime factors of n?
11
Suppose -93900 = -43*m - 7*m. What are the prime factors of m?
2, 3, 313
Let y(d) = -d**3 + 7*d**2 - d + 3. Let u = 0 - 3. Let s = 7 + u. List the prime factors of y(s).
47
Let s be (0 + 33/1)/(2 - 3). Let o = s - -90. List the prime factors of o.
3, 19
Let w = 8 + -6. Suppose -3*b + w*b - 3*j = 5, 4*j - 80 = 3*b. What are the prime factors of (b/(-12) + -1)*33?
2, 11
Let z = -41 + 78. Suppose 0 = -5*c + 12 - z. Let y = c - -16. What are the prime factors of y?
11
List the prime factors of -1 + 2 + 0 + -45 + 1464.
2, 5, 71
Let q be (9/(-12))/(1/(-116)). What are the prime factors of (4 - 5)*(0 - q)?
3, 29
Let v(s) = s**2 + 14*s + 5. Let g be v(-14). Suppose 4*k = t - g, -2*k - 19 = -2*t + 3*k. Let f = -12 + t. List the prime factors of f.
5
Let s(i) = 36*i**2 - i + 1. Suppose -3*p = -0*p - 3. Let y be s(p). Let v = -8 + y. What are the prime factors of v?
2, 7
Suppose -3*g - 6*h = -10*h - 5990, 4*h - 16 = 0. What are the prime factors of g?
2, 7, 11, 13
Suppose -2 = 4*d + 2. Let x = 2 - d. Suppose x*p - 48 = -3*y, 5*p - 2*y + 4*y - 71 = 0. List the prime factors of p.
13
Let z = -11 + 9. Let o be (-77)/14*(-6 + z). Let t = 65 - o. List the prime factors of t.
3, 7
Let x = -389 + 663. List the prime factors of x.
2, 137
Suppose -6*h = 5*w - 2*h - 6, 2*h = -2. Suppose -3*p + y + 0*y = -857, w*p = 2*y + 578. List the prime factors of p.
2, 71
Let a(h) = -h**3 + 9*h**2 - 2*h + 10. Suppose -6*z = -64 + 22. List the prime factors of a(z).
2, 47
Let s = -38 - -38. Suppose -b + 73 = -p, s = 4*b - p + 2*p - 297. What are the prime factors of b?
2, 37
What are the prime factors of -1*(-143270)/70 + (-2)/(-7)?
23, 89
Suppose 4*f = 2*f - 90. List the prime factors of 15*35/f*-6.
2, 5, 7
Let t be (26/(-36) + 12/54)*-14. Suppose -11*r + t*r + 276 = 0. List the prime factors of r.
3, 23
Suppose 3*t - 5262 = -3*v + t, 5*v + 4*t = 8770. What are the prime factors of v?
2, 877
Let k be 40/7 + 2/7. Suppose 0 = -k*w + 3*w. Suppose -7*d + 4*d + 36 = w. What are the prime factors of d?
2, 3
Let g(c) = 40*c**2 + 82*c. List the prime factors of g(-6).
2, 3, 79
Suppose -203*j - 4*y + 172 = -199*j, 0 = y - 3. What are the prime factors of j?
2, 5
Let k(y) = y**3 + 15*y**2 - 9*y - 25. What are the prime factors of k(-9)?
2, 271
Let s = -30 - -30. Suppose s = 5*g + 9 - 24. List the prime factors of g.
3
Let t(n) = 4*n - n + 0 + 8 + 3. Let d(s) = s**3 - s**2 - s - 1. Let h be d(3). List the prime factors of t(h).
53
Let j = -2 - -5. Let k = 441 + -471. List the prime factors of (-648)/k + j/(-5).
3, 7
Suppose 68 = 7*p - 352. What are the prime factors of p?
2, 3, 5
What are the prime factors of (4962/(-15))/(12/(-150))?
5, 827
Suppose -132440 + 560605 = 95*f. List the prime factors of f.
4507
Suppose 2*f = -3*b + 3*f + 3512, 4*f - 4 = 0. What are the prime factors of b?
1171
Let c(v) = 2 + 3*v**3 + 0*v**3 - 2*v**3 - 2*v**2 - 3*v**2. Let m(r) = 3*r**3 - 16*r**2 + 6. Let i(s) = 7*c(s) - 2*m(s). List the prime factors of i(3).
2
Suppose -1 = 2*h + 3. Let l(b) = 2*b**3 - 3*b**2 + 2. Let d be l(h). Let t = 58 + d. List the prime factors of t.
2
Suppose -27841 = -16*m + 5*m. List the prime factors of m.
2531
Let q = -922 - -1154. What are the prime factors of q?
2, 29
Suppose 3*k - 213 = -3*g + 201, -2*k - 725 = -5*g. Let y = g + -66. Suppose y - 25 = 4*s. List the prime factors of s.
13
Suppose -c = -3*y + 2*y + 202, -5 = -y. Let i = c - -335. What are the prime factors of i?
2, 3, 23
Suppose 5*g + 5*o - 500 = 0, -g - g + 203 = -o. Suppose 2*z - 417 = -z. Suppose g + z = 4*a. List the prime factors of a.
2, 3, 5
Let s(h) = h + 1. Let p(i) = -i**2 + 6*i + 7. Let z(k) = -p(k) + 6*s(k). Suppose -5*l - 10 = 0, -3*n = -5*l - 30 + 2. List the prime factors of z(n).
5, 7
Let r(h) = 10*h**2 + 4*h - 4. Let v(a) = a**2 + a - 1. Let n(g) = r(g) - 5*v(g). Let c be n(1). Suppose 5*m - 5 - c = 0. What are the prime factors of m?
2
Let k = -922 - -1515. List the prime factors of k.
593
Let y(r) = r**2 - r